{"id":1470,"date":"2026-03-12T11:58:50","date_gmt":"2026-03-12T11:58:50","guid":{"rendered":"https:\/\/sindepor.org\/?page_id=1470"},"modified":"2026-03-13T15:59:05","modified_gmt":"2026-03-13T15:59:05","slug":"tabela-remuneraria","status":"publish","type":"page","link":"https:\/\/sindepor.org\/?page_id=1470","title":{"rendered":"Tabela remunerat\u00f3ria"},"content":{"rendered":"\t\t<div data-elementor-type=\"wp-page\" data-elementor-id=\"1470\" class=\"elementor elementor-1470\" data-elementor-post-type=\"page\">\n\t\t\t\t<div class=\"elementor-element elementor-element-0c8e33c e-grid e-con-boxed e-con e-parent\" data-id=\"0c8e33c\" data-element_type=\"container\" data-e-type=\"container\">\n\t\t\t\t\t<div class=\"e-con-inner\">\n\t\t\t\t<div class=\"elementor-element elementor-element-65f822ac elementor-widget elementor-widget-heading\" data-id=\"65f822ac\" data-element_type=\"widget\" data-e-type=\"widget\" data-widget_type=\"heading.default\">\n\t\t\t\t\t<h1 class=\"elementor-heading-title elementor-size-default\">Tabelas remunerat\u00f3rias<\/h1>\t\t\t\t<\/div>\n\t\t\t\t<div class=\"elementor-element elementor-element-b00220d elementor-widget elementor-widget-text-editor\" data-id=\"b00220d\" data-element_type=\"widget\" data-e-type=\"widget\" data-widget_type=\"text-editor.default\">\n\t\t\t\t\t\t\t\t\t<p>Abaixo, poder\u00e1 consultar as tabelas com posi\u00e7\u00f5es remunerat\u00f3rias da carreira especial de enfermagem, conforme previsto no <a href=\"https:\/\/sindepor.org\/wp-content\/uploads\/2026\/03\/111_2024_19_dezembro.pdf\">Decreto-Lei n.\u00ba 111\/2024<\/a>, de 19 de dezembro, com as altera\u00e7\u00f5es do <a href=\"https:\/\/sindepor.org\/wp-content\/uploads\/2026\/03\/DL_29_A_2026.pdf\">Decreto-Lei n.\u00ba 29-A\/2026, de 30 de janeiro<\/a>.<br \/>NOTA: relativamente a 2025, a remunera\u00e7\u00e3o base mensal inferior ou igual a \u20ac 2.631,62 \u00e9 atualizada em \u20ac 56,58, e superior a \u20ac 2.631,62 \u00e9 atualizada em 2,15 %.<\/p><p>Para consulta da tabela completa, clique <a href=\"https:\/\/sindepor.org\/wp-content\/uploads\/2026\/03\/Tabela-Remuneratoria-CEEnfermagem-2026.pdf\">aqui<\/a>.<\/p>\t\t\t\t\t\t\t\t<\/div>\n\t\t\t\t\t<\/div>\n\t\t\t\t<\/div>\n\t\t<div class=\"elementor-element elementor-element-27aec9c e-grid e-con-boxed e-con e-parent\" data-id=\"27aec9c\" data-element_type=\"container\" data-e-type=\"container\">\n\t\t\t\t\t<div class=\"e-con-inner\">\n\t\t\t\t<div class=\"elementor-element elementor-element-1160e7e elementor-widget elementor-widget-html\" data-id=\"1160e7e\" data-element_type=\"widget\" data-e-type=\"widget\" data-widget_type=\"html.default\">\n\t\t\t\t\t<div style=\"width:100%; overflow-x:auto;\">\n<table style=\"width:100%; border-collapse:collapse; table-layout:fixed; background:#ffffff; color:#324A6D; font-family:Arial, sans-serif; font-size:14px; text-align:left;\">\n\n<tr>\n<th colspan=\"2\" style=\"border:2px solid #CEB739; padding:8px;\">Enfermeiro<\/th>\n<\/tr>\n\n<tr>\n<th style=\"border:2px solid #CEB739; padding:8px; width:25%;\">Posi\u00e7\u00f5es<\/th>\n<th style=\"border:2px solid #CEB739; padding:8px; width:75%;\">N\u00edveis remunerat\u00f3rios da tabela \u00fanica<\/th>\n<\/tr>\n\n<tr><td style=\"border:1px solid #CEB739; padding:6px;\">1\u00ba<\/td><td style=\"border:1px solid #CEB739; padding:6px;\">19 \u20ac 1.657,04<\/td><\/tr>\n<tr><td style=\"border:1px solid #CEB739; padding:6px;\">2\u00ba<\/td><td style=\"border:1px solid #CEB739; padding:6px;\">23 \u2014 \u20ac 1.867,57<\/td><\/tr>\n<tr><td style=\"border:1px solid #CEB739; padding:6px;\">3\u00ba<\/td><td style=\"border:1px solid #CEB739; padding:6px;\">27 \u2014 \u20ac 2.082,84<\/td><\/tr>\n<tr><td style=\"border:1px solid #CEB739; padding:6px;\">4\u00ba<\/td><td style=\"border:1px solid #CEB739; padding:6px;\">31 \u2014 \u20ac 2.299,69<\/td><\/tr>\n<tr><td style=\"border:1px solid #CEB739; padding:6px;\">5\u00ba<\/td><td style=\"border:1px solid #CEB739; padding:6px;\">34 \u2014 \u20ac 2.462,31<\/td><\/tr>\n<tr><td style=\"border:1px solid #CEB739; padding:6px;\">6\u00ba<\/td><td style=\"border:1px solid #CEB739; padding:6px;\">37 \u2014 \u20ac 2.624,97<\/td><\/tr>\n<tr><td style=\"border:1px solid #CEB739; padding:6px;\">7\u00ba<\/td><td style=\"border:1px solid #CEB739; padding:6px;\">40 \u2014 \u20ac 2.790,67<\/td><\/tr>\n<tr><td style=\"border:1px solid #CEB739; padding:6px;\">8\u00ba<\/td><td style=\"border:1px solid #CEB739; padding:6px;\">43 \u2014 \u20ac 2.961,89<\/td><\/tr>\n<tr><td style=\"border:1px solid #CEB739; padding:6px;\">9\u00ba<\/td><td style=\"border:1px solid #CEB739; padding:6px;\">46 \u2014 \u20ac 3.134,97<\/td><\/tr>\n<tr><td style=\"border:1px solid #CEB739; padding:6px;\">10\u00ba<\/td><td style=\"border:1px solid #CEB739; padding:6px;\">49 \u2014 \u20ac 3.308,07<\/td><\/tr>\n<tr><td style=\"border:1px solid #CEB739; padding:6px;\">11\u00ba<\/td><td style=\"border:1px solid #CEB739; padding:6px;\">52 \u2014 \u20ac 3.481,16<\/td><\/tr>\n\n<\/table>\n<\/div>\t\t\t\t<\/div>\n\t\t\t\t<div class=\"elementor-element elementor-element-0828b20 elementor-widget elementor-widget-html\" data-id=\"0828b20\" data-element_type=\"widget\" data-e-type=\"widget\" data-widget_type=\"html.default\">\n\t\t\t\t\t<div style=\"width:100%; overflow-x:auto;\">\n<table style=\"width:100%; border-collapse:collapse; table-layout:fixed; background:#ffffff; color:#324A6D; font-family:Arial, sans-serif; font-size:14px; text-align:left;\">\n\n<tr>\n<th colspan=\"2\" style=\"border:2px solid #CEB739; padding:8px;\">Enfermeiro Especialista<\/th>\n<\/tr>\n\n<tr>\n<th style=\"border:2px solid #CEB739; padding:8px; width:25%;\">Posi\u00e7\u00f5es<\/th>\n<th style=\"border:2px solid #CEB739; padding:8px; width:75%;\">N\u00edveis remunerat\u00f3rios da tabela \u00fanica<\/th>\n<\/tr>\n\n<tr><td style=\"border:1px solid #CEB739; padding:6px;\">1\u00ba<\/td><td style=\"border:1px solid #CEB739; padding:6px;\">24 \u2014 \u20ac 1.920,20<\/td><\/tr>\n<tr><td style=\"border:1px solid #CEB739; padding:6px;\">2\u00ba<\/td><td style=\"border:1px solid #CEB739; padding:6px;\">28 \u2014 \u20ac 2.137,05<\/td><\/tr>\n<tr><td style=\"border:1px solid #CEB739; padding:6px;\">3\u00ba<\/td><td style=\"border:1px solid #CEB739; padding:6px;\">31 \u2014 \u20ac 2.299,69<\/td><\/tr>\n<tr><td style=\"border:1px solid #CEB739; padding:6px;\">4\u00ba<\/td><td style=\"border:1px solid #CEB739; padding:6px;\">34 \u2014 \u20ac 2.462,31<\/td><\/tr>\n<tr><td style=\"border:1px solid #CEB739; padding:6px;\">5\u00ba<\/td><td style=\"border:1px solid #CEB739; padding:6px;\">37 \u2014 \u20ac 2.624,97<\/td><\/tr>\n<tr><td style=\"border:1px solid #CEB739; padding:6px;\">6\u00ba<\/td><td style=\"border:1px solid #CEB739; padding:6px;\">40 \u2014 \u20ac 2.790,67<\/td><\/tr>\n<tr><td style=\"border:1px solid #CEB739; padding:6px;\">7\u00ba<\/td><td style=\"border:1px solid #CEB739; padding:6px;\">43 \u2014 \u20ac 2.961,89<\/td><\/tr>\n<tr><td style=\"border:1px solid #CEB739; padding:6px;\">8\u00ba<\/td><td style=\"border:1px solid #CEB739; padding:6px;\">46 \u2014 \u20ac 3.134,979<\/td><\/tr>\n<tr><td style=\"border:1px solid #CEB739; padding:6px;\">9\u00ba<\/td><td style=\"border:1px solid #CEB739; padding:6px;\">49 \u2014 \u20ac 3.308,07<\/td><\/tr>\n<tr><td style=\"border:1px solid #CEB739; padding:6px;\">10\u00ba<\/td><td style=\"border:1px solid #CEB739; padding:6px;\">52 \u2014 \u20ac 3.481,16<\/td><\/tr>\n\n<\/table>\n<\/div>\t\t\t\t<\/div>\n\t\t\t\t<div class=\"elementor-element elementor-element-393f393 elementor-widget elementor-widget-html\" data-id=\"393f393\" data-element_type=\"widget\" data-e-type=\"widget\" data-widget_type=\"html.default\">\n\t\t\t\t\t<div style=\"width:100%; overflow-x:auto;\">\n<table style=\"width:100%; border-collapse:collapse; table-layout:fixed; background:#ffffff; color:#324A6D; font-family:Arial, sans-serif; font-size:14px; text-align:left;\">\n\n<tr>\n<th colspan=\"2\" style=\"border:2px solid #CEB739; padding:8px;\">Enfermeiro Gestor<\/th>\n<\/tr>\n\n<tr>\n<th style=\"border:2px solid #CEB739; padding:8px; width:25%;\">Posi\u00e7\u00f5es<\/th>\n<th style=\"border:2px solid #CEB739; padding:8px; width:75%;\">N\u00edveis remunerat\u00f3rios da tabela \u00fanica<\/th>\n<\/tr>\n\n<tr><td style=\"border:1px solid #CEB739; padding:6px;\">1\u00ba<\/td><td style=\"border:1px solid #CEB739; padding:6px;\">38 \u2014 \u20ac 2.679,17<\/td><\/tr>\n<tr><td style=\"border:1px solid #CEB739; padding:6px;\">2\u00ba<\/td><td style=\"border:1px solid #CEB739; padding:6px;\">42 \u2014 \u20ac 2.904,18<\/td><\/tr>\n<tr><td style=\"border:1px solid #CEB739; padding:6px;\">3\u00ba<\/td><td style=\"border:1px solid #CEB739; padding:6px;\">46 \u2014 \u20ac 3.134,97<\/td><\/tr>\n<tr><td style=\"border:1px solid #CEB739; padding:6px;\">4\u00ba<\/td><td style=\"border:1px solid #CEB739; padding:6px;\">50 \u2014 \u20ac 3.365,77<\/td><\/tr>\n<tr><td style=\"border:1px solid #CEB739; padding:6px;\">5\u00ba<\/td><td style=\"border:1px solid #CEB739; padding:6px;\">53 \u2014 \u20ac 3.538,87<\/td><\/tr>\n<tr><td style=\"border:1px solid #CEB739; padding:6px;\">6\u00ba<\/td><td style=\"border:1px solid #CEB739; padding:6px;\">56 \u2014 \u20ac 3.711,96<\/td><\/tr>\n<tr><td style=\"border:1px solid #CEB739; padding:6px;\">7\u00ba<\/td><td style=\"border:1px solid #CEB739; padding:6px;\">58 \u2014 \u20ac 3.827,36<\/td><\/tr>\n\n<\/table>\n<\/div>\t\t\t\t<\/div>\n\t\t\t\t\t<\/div>\n\t\t\t\t<\/div>\n\t\t\t\t<\/div>\n\t\t","protected":false},"excerpt":{"rendered":"<p>Tabelas remunerat\u00f3rias Abaixo, poder\u00e1 consultar as tabelas com posi\u00e7\u00f5es remunerat\u00f3rias da carreira especial de enfermagem, conforme previsto no Decreto-Lei n.\u00ba 111\/2024, de 19 de dezembro, com as altera\u00e7\u00f5es do Decreto-Lei n.\u00ba 29-A\/2026, de 30 de janeiro.NOTA: relativamente a 2025, a remunera\u00e7\u00e3o base mensal inferior ou igual a \u20ac 2.631,62 \u00e9 atualizada em \u20ac 56,58, e [&hellip;]<\/p>\n","protected":false},"author":1,"featured_media":0,"parent":0,"menu_order":0,"comment_status":"closed","ping_status":"closed","template":"","meta":{"footnotes":""},"class_list":["post-1470","page","type-page","status-publish","hentry"],"_links":{"self":[{"href":"https:\/\/sindepor.org\/index.php?rest_route=\/wp\/v2\/pages\/1470","targetHints":{"allow":["GET"]}}],"collection":[{"href":"https:\/\/sindepor.org\/index.php?rest_route=\/wp\/v2\/pages"}],"about":[{"href":"https:\/\/sindepor.org\/index.php?rest_route=\/wp\/v2\/types\/page"}],"author":[{"embeddable":true,"href":"https:\/\/sindepor.org\/index.php?rest_route=\/wp\/v2\/users\/1"}],"replies":[{"embeddable":true,"href":"https:\/\/sindepor.org\/index.php?rest_route=%2Fwp%2Fv2%2Fcomments&post=1470"}],"version-history":[{"count":35,"href":"https:\/\/sindepor.org\/index.php?rest_route=\/wp\/v2\/pages\/1470\/revisions"}],"predecessor-version":[{"id":1928,"href":"https:\/\/sindepor.org\/index.php?rest_route=\/wp\/v2\/pages\/1470\/revisions\/1928"}],"wp:attachment":[{"href":"https:\/\/sindepor.org\/index.php?rest_route=%2Fwp%2Fv2%2Fmedia&parent=1470"}],"curies":[{"name":"wp","href":"https:\/\/api.w.org\/{rel}","templated":true}]}}