{"id":445,"date":"2026-03-04T23:02:16","date_gmt":"2026-03-04T23:02:16","guid":{"rendered":"https:\/\/sindepor.org\/?page_id=445"},"modified":"2026-04-27T22:08:26","modified_gmt":"2026-04-27T21:08:26","slug":"pagina-inicial","status":"publish","type":"page","link":"https:\/\/sindepor.org\/","title":{"rendered":"P\u00e1gina inicial"},"content":{"rendered":"\t\t<div data-elementor-type=\"wp-page\" data-elementor-id=\"445\" class=\"elementor elementor-445\" data-elementor-post-type=\"page\">\n\t\t\t\t<div class=\"elementor-element elementor-element-28a016a e-flex e-con-boxed e-con e-parent\" data-id=\"28a016a\" data-element_type=\"container\" data-e-type=\"container\" data-settings=\"{&quot;background_background&quot;:&quot;classic&quot;}\">\n\t\t\t\t\t<div class=\"e-con-inner\">\n\t\t<div class=\"elementor-element elementor-element-d6e9b8f e-con-full e-flex e-con e-child\" data-id=\"d6e9b8f\" data-element_type=\"container\" data-e-type=\"container\">\n\t\t\t\t<div class=\"elementor-element elementor-element-486772b elementor-widget elementor-widget-heading\" data-id=\"486772b\" data-element_type=\"widget\" data-e-type=\"widget\" data-widget_type=\"heading.default\">\n\t\t\t\t\t<h2 class=\"elementor-heading-title elementor-size-default\">Sindicato Democr\u00e1tico <br>dos Enfermeiros <br>de Portugal <\/h2>\t\t\t\t<\/div>\n\t\t\t\t<div class=\"elementor-element elementor-element-0475364 elementor-widget elementor-widget-heading\" data-id=\"0475364\" data-element_type=\"widget\" data-e-type=\"widget\" data-widget_type=\"heading.default\">\n\t\t\t\t\t<h2 class=\"elementor-heading-title elementor-size-default\">Mudar, \n\u00e9 preciso!\n\n<\/h2>\t\t\t\t<\/div>\n\t\t\t\t<div class=\"elementor-element elementor-element-90847d2 elementor-widget elementor-widget-button\" data-id=\"90847d2\" data-element_type=\"widget\" data-e-type=\"widget\" data-widget_type=\"button.default\">\n\t\t\t\t\t\t\t\t\t\t<a class=\"elementor-button elementor-button-link elementor-size-sm\" href=\"https:\/\/sindepor.org\/?page_id=989\">\n\t\t\t\t\t\t<span class=\"elementor-button-content-wrapper\">\n\t\t\t\t\t\t<span class=\"elementor-button-icon\">\n\t\t\t\t<svg aria-hidden=\"true\" class=\"e-font-icon-svg e-fas-users\" viewBox=\"0 0 640 512\" xmlns=\"http:\/\/www.w3.org\/2000\/svg\"><path d=\"M96 224c35.3 0 64-28.7 64-64s-28.7-64-64-64-64 28.7-64 64 28.7 64 64 64zm448 0c35.3 0 64-28.7 64-64s-28.7-64-64-64-64 28.7-64 64 28.7 64 64 64zm32 32h-64c-17.6 0-33.5 7.1-45.1 18.6 40.3 22.1 68.9 62 75.1 109.4h66c17.7 0 32-14.3 32-32v-32c0-35.3-28.7-64-64-64zm-256 0c61.9 0 112-50.1 112-112S381.9 32 320 32 208 82.1 208 144s50.1 112 112 112zm76.8 32h-8.3c-20.8 10-43.9 16-68.5 16s-47.6-6-68.5-16h-8.3C179.6 288 128 339.6 128 403.2V432c0 26.5 21.5 48 48 48h288c26.5 0 48-21.5 48-48v-28.8c0-63.6-51.6-115.2-115.2-115.2zm-223.7-13.4C161.5 263.1 145.6 256 128 256H64c-35.3 0-64 28.7-64 64v32c0 17.7 14.3 32 32 32h65.9c6.3-47.4 34.9-87.3 75.2-109.4z\"><\/path><\/svg>\t\t\t<\/span>\n\t\t\t\t\t\t\t\t\t<span class=\"elementor-button-text\">Seja s\u00f3cio<\/span>\n\t\t\t\t\t<\/span>\n\t\t\t\t\t<\/a>\n\t\t\t\t\t\t\t\t<\/div>\n\t\t\t\t<\/div>\n\t\t<div class=\"elementor-element elementor-element-cdfae35 e-flex e-con-boxed e-con e-child\" data-id=\"cdfae35\" data-element_type=\"container\" data-e-type=\"container\">\n\t\t\t\t\t<div class=\"e-con-inner\">\n\t\t\t\t<div class=\"elementor-element elementor-element-6688216 elementor-widget elementor-widget-image\" data-id=\"6688216\" data-element_type=\"widget\" data-e-type=\"widget\" data-widget_type=\"image.default\">\n\t\t\t\t\t\t\t\t\t\t\t\t\t\t\t<img fetchpriority=\"high\" decoding=\"async\" width=\"800\" height=\"607\" src=\"https:\/\/sindepor.org\/wp-content\/uploads\/2026\/03\/Designer_fundo_exp_2_SEP_8-3-1024x777.png\" class=\"attachment-large size-large wp-image-767\" alt=\"\" srcset=\"https:\/\/sindepor.org\/wp-content\/uploads\/2026\/03\/Designer_fundo_exp_2_SEP_8-3-1024x777.png 1024w, https:\/\/sindepor.org\/wp-content\/uploads\/2026\/03\/Designer_fundo_exp_2_SEP_8-3-300x228.png 300w, https:\/\/sindepor.org\/wp-content\/uploads\/2026\/03\/Designer_fundo_exp_2_SEP_8-3-768x582.png 768w, https:\/\/sindepor.org\/wp-content\/uploads\/2026\/03\/Designer_fundo_exp_2_SEP_8-3-1536x1165.png 1536w, https:\/\/sindepor.org\/wp-content\/uploads\/2026\/03\/Designer_fundo_exp_2_SEP_8-3.png 1552w\" sizes=\"(max-width: 800px) 100vw, 800px\" \/>\t\t\t\t\t\t\t\t\t\t\t\t\t\t\t<\/div>\n\t\t\t\t\t<\/div>\n\t\t\t\t<\/div>\n\t\t\t\t\t<\/div>\n\t\t\t\t<\/div>\n\t\t<div class=\"elementor-element elementor-element-6cc5b73 e-grid e-con-boxed e-con e-parent\" data-id=\"6cc5b73\" data-element_type=\"container\" data-e-type=\"container\">\n\t\t\t\t\t<div class=\"e-con-inner\">\n\t\t\t\t<div class=\"elementor-element elementor-element-a9ebe73 elementor-align-center elementor-widget elementor-widget-button\" data-id=\"a9ebe73\" data-element_type=\"widget\" data-e-type=\"widget\" data-widget_type=\"button.default\">\n\t\t\t\t\t\t\t\t\t\t<a class=\"elementor-button elementor-button-link elementor-size-sm\" href=\"https:\/\/sindepor.org\/?page_id=459\">\n\t\t\t\t\t\t<span class=\"elementor-button-content-wrapper\">\n\t\t\t\t\t\t<span class=\"elementor-button-icon\">\n\t\t\t\t<svg xmlns=\"http:\/\/www.w3.org\/2000\/svg\" id=\"Camada_1\" data-name=\"Camada 1\" viewBox=\"0 0 77.33 77.33\"><defs><style>      .cls-1 {        fill: #fff;      }    <\/style><\/defs><path class=\"cls-1\" d=\"M38.66,0C17.32,0,0,17.31,0,38.67s17.32,38.66,38.66,38.66,38.67-17.31,38.67-38.66S60.02,0,38.66,0ZM54.75,59.64h-9.22l-8.3-14.98c-2.31-4.15-4.84-9.16-6.74-13.72l-.17.06c.23,5.13.35,10.6.35,16.94v11.7h-8.07V20.8h10.26l8.07,14.23c2.31,4.09,4.61,8.93,6.34,13.31h.17c-.58-5.13-.75-10.37-.75-16.19v-11.35h8.07v38.84Z\"><\/path><\/svg>\t\t\t<\/span>\n\t\t\t\t\t\t\t\t\t<span class=\"elementor-button-text\">Norte<\/span>\n\t\t\t\t\t<\/span>\n\t\t\t\t\t<\/a>\n\t\t\t\t\t\t\t\t<\/div>\n\t\t\t\t<div class=\"elementor-element elementor-element-7eabb37 elementor-align-center elementor-widget elementor-widget-button\" data-id=\"7eabb37\" data-element_type=\"widget\" data-e-type=\"widget\" data-widget_type=\"button.default\">\n\t\t\t\t\t\t\t\t\t\t<a class=\"elementor-button elementor-button-link elementor-size-sm\" href=\"https:\/\/sindepor.org\/?page_id=461\">\n\t\t\t\t\t\t<span class=\"elementor-button-content-wrapper\">\n\t\t\t\t\t\t<span class=\"elementor-button-icon\">\n\t\t\t\t<svg xmlns=\"http:\/\/www.w3.org\/2000\/svg\" id=\"Camada_1\" data-name=\"Camada 1\" viewBox=\"0 0 77.33 77.33\"><defs><style>      .cls-1 {        fill: #fff;      }    <\/style><\/defs><path class=\"cls-1\" d=\"M38.67,0C17.31,0,0,17.31,0,38.67s17.31,38.66,38.67,38.66,38.66-17.31,38.66-38.66S60.02,0,38.67,0ZM44.94,52.95c2.65,0,5.59-.58,7.32-1.27l1.33,6.86c-1.61.81-5.24,1.67-9.97,1.67-13.43,0-20.34-8.36-20.34-19.42,0-13.25,9.45-20.63,21.21-20.63,4.55,0,8.01.92,9.57,1.73l-1.79,6.97c-1.79-.75-4.26-1.44-7.38-1.44-6.97,0-12.39,4.21-12.39,12.85,0,7.78,4.61,12.68,12.45,12.68Z\"><\/path><\/svg>\t\t\t<\/span>\n\t\t\t\t\t\t\t\t\t<span class=\"elementor-button-text\">Centro<\/span>\n\t\t\t\t\t<\/span>\n\t\t\t\t\t<\/a>\n\t\t\t\t\t\t\t\t<\/div>\n\t\t\t\t<div class=\"elementor-element elementor-element-8f19ba1 elementor-align-center elementor-widget elementor-widget-button\" data-id=\"8f19ba1\" data-element_type=\"widget\" data-e-type=\"widget\" data-widget_type=\"button.default\">\n\t\t\t\t\t\t\t\t\t\t<a class=\"elementor-button elementor-button-link elementor-size-sm\" href=\"https:\/\/sindepor.org\/?page_id=463\">\n\t\t\t\t\t\t<span class=\"elementor-button-content-wrapper\">\n\t\t\t\t\t\t<span class=\"elementor-button-icon\">\n\t\t\t\t<svg xmlns=\"http:\/\/www.w3.org\/2000\/svg\" id=\"Camada_1\" data-name=\"Camada 1\" viewBox=\"0 0 77.33 77.33\"><defs><style>      .cls-1 {        fill: #fff;      }    <\/style><\/defs><path class=\"cls-1\" d=\"M38.67,0C17.31,0,0,17.31,0,38.67s17.31,38.66,38.67,38.66,38.67-17.31,38.67-38.66S60.01,0,38.67,0ZM36.42,60.21c-4.44,0-8.82-1.15-11-2.36l1.79-7.26c2.36,1.21,5.99,2.42,9.74,2.42,4.03,0,6.16-1.67,6.16-4.21s-1.84-3.8-6.51-5.47c-6.45-2.25-10.66-5.82-10.66-11.47,0-6.63,5.53-11.7,14.69-11.7,4.38,0,7.61.92,9.91,1.96l-1.96,7.09c-1.56-.75-4.32-1.84-8.12-1.84s-5.65,1.73-5.65,3.75c0,2.48,2.19,3.57,7.2,5.47,6.86,2.54,10.09,6.11,10.09,11.58,0,6.51-5.02,12.04-15.68,12.04Z\"><\/path><\/svg>\t\t\t<\/span>\n\t\t\t\t\t\t\t\t\t<span class=\"elementor-button-text\">Sul<\/span>\n\t\t\t\t\t<\/span>\n\t\t\t\t\t<\/a>\n\t\t\t\t\t\t\t\t<\/div>\n\t\t\t\t<div class=\"elementor-element elementor-element-ebdc544 elementor-align-center elementor-widget elementor-widget-button\" data-id=\"ebdc544\" data-element_type=\"widget\" data-e-type=\"widget\" data-widget_type=\"button.default\">\n\t\t\t\t\t\t\t\t\t\t<a class=\"elementor-button elementor-button-link elementor-size-sm\" href=\"https:\/\/sindepor.org\/?page_id=465\">\n\t\t\t\t\t\t<span class=\"elementor-button-content-wrapper\">\n\t\t\t\t\t\t<span class=\"elementor-button-icon\">\n\t\t\t\t<svg xmlns=\"http:\/\/www.w3.org\/2000\/svg\" id=\"Camada_1\" data-name=\"Camada 1\" viewBox=\"0 0 77.33 77.33\"><defs><style>      .cls-1 {        fill: #fff;      }    <\/style><\/defs><path class=\"cls-1\" d=\"M38.67,0C17.32,0,0,17.31,0,38.67s17.32,38.66,38.67,38.66,38.67-17.31,38.67-38.66S60.02,0,38.67,0ZM46.73,59.64l-3-9.97h-11.12l-2.77,9.97h-9.1l11.87-38.84h11.52l12.04,38.84h-9.45Z\"><\/path><path class=\"cls-1\" d=\"M38.09,27.37h-.11c-.58,2.3-1.15,5.24-1.79,7.49l-2.31,8.24h8.59l-2.42-8.24c-.69-2.31-1.38-5.19-1.96-7.49Z\"><\/path><\/svg>\t\t\t<\/span>\n\t\t\t\t\t\t\t\t\t<span class=\"elementor-button-text\">A\u00e7ores<\/span>\n\t\t\t\t\t<\/span>\n\t\t\t\t\t<\/a>\n\t\t\t\t\t\t\t\t<\/div>\n\t\t\t\t<div class=\"elementor-element elementor-element-e0b1947 elementor-align-center elementor-widget elementor-widget-button\" data-id=\"e0b1947\" data-element_type=\"widget\" data-e-type=\"widget\" data-widget_type=\"button.default\">\n\t\t\t\t\t\t\t\t\t\t<a class=\"elementor-button elementor-button-link elementor-size-sm\" href=\"https:\/\/sindepor.org\/?page_id=467\">\n\t\t\t\t\t\t<span class=\"elementor-button-content-wrapper\">\n\t\t\t\t\t\t<span class=\"elementor-button-icon\">\n\t\t\t\t<svg xmlns=\"http:\/\/www.w3.org\/2000\/svg\" id=\"Camada_1\" data-name=\"Camada 1\" viewBox=\"0 0 77.33 77.33\"><defs><style>      .cls-1 {        fill: #fff;      }    <\/style><\/defs><path class=\"cls-1\" d=\"M38.66,0C17.31,0,0,17.31,0,38.67s17.31,38.66,38.66,38.66,38.66-17.31,38.66-38.66S60.01,0,38.66,0ZM51.52,59.64l-.58-14.87c-.17-4.67-.35-10.31-.35-15.96h-.17c-1.21,4.95-2.82,10.49-4.32,15.04l-4.73,15.16h-6.86l-4.15-15.04c-1.27-4.55-2.59-10.08-3.51-15.15h-.12c-.23,5.24-.4,11.24-.69,16.08l-.69,14.75h-8.12l2.48-38.84h11.7l3.8,12.96c1.21,4.5,2.42,9.34,3.29,13.89h.17c1.09-4.49,2.42-9.62,3.69-13.94l4.15-12.91h11.47l2.13,38.84h-8.58Z\"><\/path><\/svg>\t\t\t<\/span>\n\t\t\t\t\t\t\t\t\t<span class=\"elementor-button-text\">Madeira<\/span>\n\t\t\t\t\t<\/span>\n\t\t\t\t\t<\/a>\n\t\t\t\t\t\t\t\t<\/div>\n\t\t\t\t<div class=\"elementor-element elementor-element-7637356 elementor-align-center elementor-widget elementor-widget-button\" data-id=\"7637356\" data-element_type=\"widget\" data-e-type=\"widget\" data-widget_type=\"button.default\">\n\t\t\t\t\t\t\t\t\t\t<a class=\"elementor-button elementor-button-link elementor-size-sm\" href=\"https:\/\/sindepor.org\/?page_id=1418\">\n\t\t\t\t\t\t<span class=\"elementor-button-content-wrapper\">\n\t\t\t\t\t\t<span class=\"elementor-button-icon\">\n\t\t\t\t<svg aria-hidden=\"true\" class=\"e-font-icon-svg e-fas-user-lock\" viewBox=\"0 0 640 512\" xmlns=\"http:\/\/www.w3.org\/2000\/svg\"><path d=\"M224 256A128 128 0 1 0 96 128a128 128 0 0 0 128 128zm96 64a63.08 63.08 0 0 1 8.1-30.5c-4.8-.5-9.5-1.5-14.5-1.5h-16.7a174.08 174.08 0 0 1-145.8 0h-16.7A134.43 134.43 0 0 0 0 422.4V464a48 48 0 0 0 48 48h280.9a63.54 63.54 0 0 1-8.9-32zm288-32h-32v-80a80 80 0 0 0-160 0v80h-32a32 32 0 0 0-32 32v160a32 32 0 0 0 32 32h224a32 32 0 0 0 32-32V320a32 32 0 0 0-32-32zM496 432a32 32 0 1 1 32-32 32 32 0 0 1-32 32zm32-144h-64v-80a32 32 0 0 1 64 0z\"><\/path><\/svg>\t\t\t<\/span>\n\t\t\t\t\t\t\t\t\t<span class=\"elementor-button-text\">S\u00f3cio<\/span>\n\t\t\t\t\t<\/span>\n\t\t\t\t\t<\/a>\n\t\t\t\t\t\t\t\t<\/div>\n\t\t\t\t\t<\/div>\n\t\t\t\t<\/div>\n\t\t<div class=\"elementor-element elementor-element-5d93f89 e-flex e-con-boxed e-con e-parent\" data-id=\"5d93f89\" data-element_type=\"container\" data-e-type=\"container\" data-settings=\"{&quot;background_background&quot;:&quot;classic&quot;}\">\n\t\t\t\t\t<div class=\"e-con-inner\">\n\t\t\t\t<div class=\"elementor-element elementor-element-1d94d18 elementor-headline--style-highlight elementor-widget elementor-widget-animated-headline\" data-id=\"1d94d18\" data-element_type=\"widget\" data-e-type=\"widget\" data-settings=\"{&quot;marker&quot;:&quot;underline_zigzag&quot;,&quot;highlighted_text&quot;:&quot;PRECISO!&quot;,&quot;headline_style&quot;:&quot;highlight&quot;,&quot;loop&quot;:&quot;yes&quot;,&quot;highlight_animation_duration&quot;:1200,&quot;highlight_iteration_delay&quot;:8000}\" data-widget_type=\"animated-headline.default\">\n\t\t\t\t\t\t\t<h5 class=\"elementor-headline\">\n\t\t\t\t\t<span class=\"elementor-headline-plain-text elementor-headline-text-wrapper\">MUDAR \u00c9<\/span>\n\t\t\t\t<span class=\"elementor-headline-dynamic-wrapper elementor-headline-text-wrapper\">\n\t\t\t\t\t<span class=\"elementor-headline-dynamic-text elementor-headline-text-active\">PRECISO!<\/span>\n\t\t\t\t<\/span>\n\t\t\t\t<\/h5>\n\t\t\t\t\t\t<\/div>\n\t\t\t\t\t<\/div>\n\t\t\t\t<\/div>\n\t\t<div class=\"elementor-element elementor-element-5d3a478 e-grid e-con-boxed e-con e-parent\" data-id=\"5d3a478\" data-element_type=\"container\" data-e-type=\"container\" data-settings=\"{&quot;background_background&quot;:&quot;classic&quot;}\">\n\t\t\t\t\t<div class=\"e-con-inner\">\n\t\t<div class=\"elementor-element elementor-element-0032a82 e-con-full e-flex e-con e-child\" data-id=\"0032a82\" data-element_type=\"container\" data-e-type=\"container\" data-settings=\"{&quot;background_background&quot;:&quot;classic&quot;}\">\n\t\t\t\t<div class=\"elementor-element elementor-element-3c5efa9 elementor-widget elementor-widget-heading\" data-id=\"3c5efa9\" data-element_type=\"widget\" data-e-type=\"widget\" data-widget_type=\"heading.default\">\n\t\t\t\t\t<h3 class=\"elementor-heading-title elementor-size-default\">Destaques<\/h3>\t\t\t\t<\/div>\n\t\t\t\t<div class=\"elementor-element elementor-element-765b866 elementor--v-position-bottom elementor--h-position-center elementor-arrows-position-inside elementor-widget elementor-widget-slides\" data-id=\"765b866\" data-element_type=\"widget\" data-e-type=\"widget\" data-settings=\"{&quot;navigation&quot;:&quot;arrows&quot;,&quot;autoplay&quot;:&quot;yes&quot;,&quot;pause_on_hover&quot;:&quot;yes&quot;,&quot;pause_on_interaction&quot;:&quot;yes&quot;,&quot;autoplay_speed&quot;:5000,&quot;infinite&quot;:&quot;yes&quot;,&quot;transition&quot;:&quot;slide&quot;,&quot;transition_speed&quot;:500}\" data-widget_type=\"slides.default\">\n\t\t\t\t\t\t\t\t\t\t<div class=\"elementor-slides-wrapper elementor-main-swiper swiper\" role=\"region\" aria-roledescription=\"carousel\" aria-label=\"Slides\" dir=\"ltr\" data-animation=\"fadeInUp\">\n\t\t\t\t<div class=\"swiper-wrapper elementor-slides\">\n\t\t\t\t\t\t\t\t\t\t<div class=\"elementor-repeater-item-aa1f967 swiper-slide\" role=\"group\" aria-roledescription=\"slide\"><div class=\"swiper-slide-bg\" role=\"img\" aria-label=\"slide_front_page_1\"><\/div><div class=\"elementor-background-overlay\"><\/div><a class=\"swiper-slide-inner\" href=\"https:\/\/sindepor.org\/?page_id=1003\"><div class=\"swiper-slide-contents\"><div class=\"elementor-slide-heading\">Parcerias e benef\u00edcios<\/div><div class=\"elementor-slide-description\">Por ser s\u00f3cio do SINDEPOR tem ainda mais vantagens.<\/div><div  class=\"elementor-button elementor-slide-button elementor-size-sm\">Descubra quais...<\/div><\/div><\/a><\/div><div class=\"elementor-repeater-item-eb3b1bd swiper-slide\" role=\"group\" aria-roledescription=\"slide\"><div class=\"swiper-slide-bg elementor-ken-burns elementor-ken-burns--in\" role=\"img\" aria-label=\"slide_front_page_2\"><\/div><div class=\"elementor-background-overlay\"><\/div><a class=\"swiper-slide-inner\" href=\"https:\/\/sindepor.org\/?page_id=1470\"><div class=\"swiper-slide-contents\"><div class=\"elementor-slide-heading\">Tabelas remunerat\u00f3rias<\/div><div  class=\"elementor-button elementor-slide-button elementor-size-sm\">Saiba mais<\/div><\/div><\/a><\/div><div class=\"elementor-repeater-item-8e65402 swiper-slide\" role=\"group\" aria-roledescription=\"slide\"><div class=\"swiper-slide-bg elementor-ken-burns elementor-ken-burns--in\" role=\"img\" aria-label=\"slide_front_page_3\"><\/div><div class=\"elementor-background-overlay\"><\/div><a class=\"swiper-slide-inner\" href=\"https:\/\/sindepor.org\/?page_id=1475\"><div class=\"swiper-slide-contents\"><div class=\"elementor-slide-heading\">Tabela Horas Complementares<\/div><div  class=\"elementor-button elementor-slide-button elementor-size-sm\">Saiba mais<\/div><\/div><\/a><\/div>\t\t\t\t<\/div>\n\t\t\t\t\t\t\t\t\t\t\t\t\t\t\t<div class=\"elementor-swiper-button elementor-swiper-button-prev\" role=\"button\" tabindex=\"0\" aria-label=\"Previous slide\">\n\t\t\t\t\t\t\t<svg aria-hidden=\"true\" class=\"e-font-icon-svg e-eicon-chevron-left\" viewBox=\"0 0 1000 1000\" xmlns=\"http:\/\/www.w3.org\/2000\/svg\"><path d=\"M646 125C629 125 613 133 604 142L308 442C296 454 292 471 292 487 292 504 296 521 308 533L604 854C617 867 629 875 646 875 663 875 679 871 692 858 704 846 713 829 713 812 713 796 708 779 692 767L438 487 692 225C700 217 708 204 708 187 708 171 704 154 692 142 675 129 663 125 646 125Z\"><\/path><\/svg>\t\t\t\t\t\t<\/div>\n\t\t\t\t\t\t<div class=\"elementor-swiper-button elementor-swiper-button-next\" role=\"button\" tabindex=\"0\" aria-label=\"Next slide\">\n\t\t\t\t\t\t\t<svg aria-hidden=\"true\" class=\"e-font-icon-svg e-eicon-chevron-right\" viewBox=\"0 0 1000 1000\" xmlns=\"http:\/\/www.w3.org\/2000\/svg\"><path d=\"M696 533C708 521 713 504 713 487 713 471 708 454 696 446L400 146C388 133 375 125 354 125 338 125 325 129 313 142 300 154 292 171 292 187 292 204 296 221 308 233L563 492 304 771C292 783 288 800 288 817 288 833 296 850 308 863 321 871 338 875 354 875 371 875 388 867 400 854L696 533Z\"><\/path><\/svg>\t\t\t\t\t\t<\/div>\n\t\t\t\t\t\t\t\t\t\t\t\t\t\t\t\t\t<\/div>\n\t\t\t\t\t\t\t\t<\/div>\n\t\t\t\t<\/div>\n\t\t<div class=\"elementor-element elementor-element-e114ded e-con-full e-flex e-con e-child\" data-id=\"e114ded\" data-element_type=\"container\" data-e-type=\"container\">\n\t\t\t\t<div class=\"elementor-element elementor-element-800d6d5 elementor-widget elementor-widget-heading\" data-id=\"800d6d5\" data-element_type=\"widget\" data-e-type=\"widget\" data-widget_type=\"heading.default\">\n\t\t\t\t\t<h3 class=\"elementor-heading-title elementor-size-default\">A nossa a\u00e7\u00e3o<\/h3>\t\t\t\t<\/div>\n\t\t\t\t<div class=\"elementor-element elementor-element-c6f481a elementor-grid-3 elementor-grid-tablet-2 elementor-grid-mobile-1 elementor-posts--thumbnail-top elementor-widget elementor-widget-posts\" data-id=\"c6f481a\" data-element_type=\"widget\" data-e-type=\"widget\" data-settings=\"{&quot;classic_columns&quot;:&quot;3&quot;,&quot;classic_columns_tablet&quot;:&quot;2&quot;,&quot;classic_columns_mobile&quot;:&quot;1&quot;,&quot;classic_row_gap&quot;:{&quot;unit&quot;:&quot;px&quot;,&quot;size&quot;:35,&quot;sizes&quot;:[]},&quot;classic_row_gap_tablet&quot;:{&quot;unit&quot;:&quot;px&quot;,&quot;size&quot;:&quot;&quot;,&quot;sizes&quot;:[]},&quot;classic_row_gap_mobile&quot;:{&quot;unit&quot;:&quot;px&quot;,&quot;size&quot;:&quot;&quot;,&quot;sizes&quot;:[]}}\" data-widget_type=\"posts.classic\">\n\t\t\t\t<div class=\"elementor-widget-container\">\n\t\t\t\t\t\t\t<div class=\"elementor-posts-container elementor-posts elementor-posts--skin-classic elementor-grid\" role=\"list\">\n\t\t\t\t<article class=\"elementor-post elementor-grid-item post-2464 post type-post status-publish format-standard has-post-thumbnail hentry category-uncategorized\" role=\"listitem\">\n\t\t\t\t<a class=\"elementor-post__thumbnail__link\" href=\"https:\/\/sindepor.org\/?p=2464\" tabindex=\"-1\" >\n\t\t\t<div class=\"elementor-post__thumbnail\"><img decoding=\"async\" width=\"1350\" height=\"600\" src=\"https:\/\/sindepor.org\/wp-content\/uploads\/2026\/05\/06-05-2026_3.png\" class=\"attachment-full size-full wp-image-2467\" alt=\"\" srcset=\"https:\/\/sindepor.org\/wp-content\/uploads\/2026\/05\/06-05-2026_3.png 1350w, https:\/\/sindepor.org\/wp-content\/uploads\/2026\/05\/06-05-2026_3-300x133.png 300w, https:\/\/sindepor.org\/wp-content\/uploads\/2026\/05\/06-05-2026_3-1024x455.png 1024w, https:\/\/sindepor.org\/wp-content\/uploads\/2026\/05\/06-05-2026_3-768x341.png 768w\" sizes=\"(max-width: 1350px) 100vw, 1350px\" \/><\/div>\n\t\t<\/a>\n\t\t\t\t<div class=\"elementor-post__text\">\n\t\t\t\t<h3 class=\"elementor-post__title\">\n\t\t\t<a href=\"https:\/\/sindepor.org\/?p=2464\" >\n\t\t\t\tVisit\u00e1mos unidades de csp e vamos reunir com uls amadora-sintra\u00a0\t\t\t<\/a>\n\t\t<\/h3>\n\t\t\t\t<div class=\"elementor-post__meta-data\">\n\t\t\t\t\t<span class=\"elementor-post-date\">\n\t\t\t06\/05\/2026\t\t<\/span>\n\t\t\t\t<\/div>\n\t\t\t\t<div class=\"elementor-post__excerpt\">\n\t\t\t<p>O SINDEPOR visitou hoje a UCSP Olival e a USF Flor de Lotus, duas unidades que integram a ULS Amadora-Sintra&#8230;<\/p>\t\t<\/div>\n\t\t\t\t\t<div class=\"elementor-post__read-more-wrapper\">\n\t\t\n\t\t<a class=\"elementor-post__read-more\" href=\"https:\/\/sindepor.org\/?p=2464\" aria-label=\"Read more about Visit\u00e1mos unidades de csp e vamos reunir com uls amadora-sintra\u00a0\" tabindex=\"-1\" >\n\t\t\tLer mais \u00bb\t\t<\/a>\n\n\t\t\t\t\t<\/div>\n\t\t\t\t<\/div>\n\t\t\t\t<\/article>\n\t\t\t\t<article class=\"elementor-post elementor-grid-item post-2452 post type-post status-publish format-standard has-post-thumbnail hentry category-noticias\" role=\"listitem\">\n\t\t\t\t<a class=\"elementor-post__thumbnail__link\" href=\"https:\/\/sindepor.org\/?p=2452\" tabindex=\"-1\" >\n\t\t\t<div class=\"elementor-post__thumbnail\"><img decoding=\"async\" width=\"1350\" height=\"600\" src=\"https:\/\/sindepor.org\/wp-content\/uploads\/2026\/05\/05-05-2026_3.png\" class=\"attachment-full size-full wp-image-2455\" alt=\"\" srcset=\"https:\/\/sindepor.org\/wp-content\/uploads\/2026\/05\/05-05-2026_3.png 1350w, https:\/\/sindepor.org\/wp-content\/uploads\/2026\/05\/05-05-2026_3-300x133.png 300w, https:\/\/sindepor.org\/wp-content\/uploads\/2026\/05\/05-05-2026_3-1024x455.png 1024w, https:\/\/sindepor.org\/wp-content\/uploads\/2026\/05\/05-05-2026_3-768x341.png 768w\" sizes=\"(max-width: 1350px) 100vw, 1350px\" \/><\/div>\n\t\t<\/a>\n\t\t\t\t<div class=\"elementor-post__text\">\n\t\t\t\t<h3 class=\"elementor-post__title\">\n\t\t\t<a href=\"https:\/\/sindepor.org\/?p=2452\" >\n\t\t\t\tApoio sindical ajudou na conquista do estatuto dos EEESMO\t\t\t<\/a>\n\t\t<\/h3>\n\t\t\t\t<div class=\"elementor-post__meta-data\">\n\t\t\t\t\t<span class=\"elementor-post-date\">\n\t\t\t06\/05\/2026\t\t<\/span>\n\t\t\t\t<\/div>\n\t\t\t\t<div class=\"elementor-post__excerpt\">\n\t\t\t<p>O Dia Internacional do Enfermeiro Especialista em Enfermagem Materno Obst\u00e9trica (EEESMO)&#8230;<\/p>\t\t<\/div>\n\t\t\t\t\t<div class=\"elementor-post__read-more-wrapper\">\n\t\t\n\t\t<a class=\"elementor-post__read-more\" href=\"https:\/\/sindepor.org\/?p=2452\" aria-label=\"Read more about Apoio sindical ajudou na conquista do estatuto dos EEESMO\" tabindex=\"-1\" >\n\t\t\tLer mais \u00bb\t\t<\/a>\n\n\t\t\t\t\t<\/div>\n\t\t\t\t<\/div>\n\t\t\t\t<\/article>\n\t\t\t\t<article class=\"elementor-post elementor-grid-item post-2441 post type-post status-publish format-standard has-post-thumbnail hentry category-noticias\" role=\"listitem\">\n\t\t\t\t<a class=\"elementor-post__thumbnail__link\" href=\"https:\/\/sindepor.org\/?p=2441\" tabindex=\"-1\" >\n\t\t\t<div class=\"elementor-post__thumbnail\"><img loading=\"lazy\" decoding=\"async\" width=\"1350\" height=\"600\" src=\"https:\/\/sindepor.org\/wp-content\/uploads\/2026\/05\/04-05-2026_3.png\" class=\"attachment-full size-full wp-image-2445\" alt=\"\" srcset=\"https:\/\/sindepor.org\/wp-content\/uploads\/2026\/05\/04-05-2026_3.png 1350w, https:\/\/sindepor.org\/wp-content\/uploads\/2026\/05\/04-05-2026_3-300x133.png 300w, https:\/\/sindepor.org\/wp-content\/uploads\/2026\/05\/04-05-2026_3-1024x455.png 1024w, https:\/\/sindepor.org\/wp-content\/uploads\/2026\/05\/04-05-2026_3-768x341.png 768w\" sizes=\"(max-width: 1350px) 100vw, 1350px\" \/><\/div>\n\t\t<\/a>\n\t\t\t\t<div class=\"elementor-post__text\">\n\t\t\t\t<h3 class=\"elementor-post__title\">\n\t\t\t<a href=\"https:\/\/sindepor.org\/?p=2441\" >\n\t\t\t\tSINDEPOR refor\u00e7a posi\u00e7\u00e3o no 1.\u00ba de Maio da UGT no Jamor\t\t\t<\/a>\n\t\t<\/h3>\n\t\t\t\t<div class=\"elementor-post__meta-data\">\n\t\t\t\t\t<span class=\"elementor-post-date\">\n\t\t\t04\/05\/2026\t\t<\/span>\n\t\t\t\t<\/div>\n\t\t\t\t<div class=\"elementor-post__excerpt\">\n\t\t\t<p>O SINDEPOR participou nas comemora\u00e7\u00f5es do 1\u00ba de Maio da UGT Portugal, no Jamor, onde o l\u00edder&#8230;<\/p>\t\t<\/div>\n\t\t\t\t\t<div class=\"elementor-post__read-more-wrapper\">\n\t\t\n\t\t<a class=\"elementor-post__read-more\" href=\"https:\/\/sindepor.org\/?p=2441\" aria-label=\"Read more about SINDEPOR refor\u00e7a posi\u00e7\u00e3o no 1.\u00ba de Maio da UGT no Jamor\" tabindex=\"-1\" >\n\t\t\tLer mais \u00bb\t\t<\/a>\n\n\t\t\t\t\t<\/div>\n\t\t\t\t<\/div>\n\t\t\t\t<\/article>\n\t\t\t\t<\/div>\n\t\t\n\t\t\t\t\t\t<\/div>\n\t\t\t\t<\/div>\n\t\t\t\t<\/div>\n\t\t\t\t\t<\/div>\n\t\t\t\t<\/div>\n\t\t\t\t<\/div>\n\t\t","protected":false},"excerpt":{"rendered":"<p>Sindicato Democr\u00e1tico dos Enfermeiros de Portugal Mudar, \u00e9 preciso! Seja s\u00f3cio Norte Centro Sul A\u00e7ores Madeira S\u00f3cio MUDAR \u00c9 PRECISO! Destaques Parcerias e benef\u00edciosPor ser s\u00f3cio do SINDEPOR tem ainda mais vantagens.Descubra quais&#8230;Tabelas remunerat\u00f3riasSaiba maisTabela Horas ComplementaresSaiba mais A nossa a\u00e7\u00e3o<\/p>\n","protected":false},"author":1,"featured_media":0,"parent":0,"menu_order":0,"comment_status":"closed","ping_status":"closed","template":"","meta":{"footnotes":""},"class_list":["post-445","page","type-page","status-publish","hentry"],"_links":{"self":[{"href":"https:\/\/sindepor.org\/index.php?rest_route=\/wp\/v2\/pages\/445","targetHints":{"allow":["GET"]}}],"collection":[{"href":"https:\/\/sindepor.org\/index.php?rest_route=\/wp\/v2\/pages"}],"about":[{"href":"https:\/\/sindepor.org\/index.php?rest_route=\/wp\/v2\/types\/page"}],"author":[{"embeddable":true,"href":"https:\/\/sindepor.org\/index.php?rest_route=\/wp\/v2\/users\/1"}],"replies":[{"embeddable":true,"href":"https:\/\/sindepor.org\/index.php?rest_route=%2Fwp%2Fv2%2Fcomments&post=445"}],"version-history":[{"count":346,"href":"https:\/\/sindepor.org\/index.php?rest_route=\/wp\/v2\/pages\/445\/revisions"}],"predecessor-version":[{"id":2399,"href":"https:\/\/sindepor.org\/index.php?rest_route=\/wp\/v2\/pages\/445\/revisions\/2399"}],"wp:attachment":[{"href":"https:\/\/sindepor.org\/index.php?rest_route=%2Fwp%2Fv2%2Fmedia&parent=445"}],"curies":[{"name":"wp","href":"https:\/\/api.w.org\/{rel}","templated":true}]}}